 remainder when 630 is divided by 125.
5
What is the remainder when 30429 is divided by 7605?
9
Calculate the remainder when 6244 is divided by 22.
18
What is the remainder when 9708 is divided by 2423?
16
What is the remainder when 2230 is divided by 605?
415
What is the remainder when 12645942 is divided by 271?
269
What is the remainder when 2624756 is divided by 72?
68
What is the remainder when 1876 is divided by 298?
88
Calculate the remainder when 256197 is divided by 427.
424
Calculate the remainder when 3901 is divided by 410.
211
What is the remainder when 90347 is divided by 325?
322
What is the remainder when 18519 is divided by 126?
123
Calculate the remainder when 41698 is divided by 176.
162
Calculate the remainder when 974439 is divided by 487216.
7
Calculate the remainder when 12280 is divided by 118.
8
What is the remainder when 57105 is divided by 6345?
0
Calculate the remainder when 225102 is divided by 1521.
1515
What is the remainder when 15035 is divided by 367?
355
What is the remainder when 6427 is divided by 1285?
2
Calculate the remainder when 817451 is divided by 243.
242
What is the remainder when 23788 is divided by 8?
4
Calculate the remainder when 470 is divided by 168.
134
Calculate the remainder when 460090 is divided by 224.
218
What is the remainder when 77883 is divided by 412?
15
What is the remainder when 21379 is divided by 4274?
9
What is the remainder when 1739 is divided by 856?
27
Calculate the remainder when 442614 is divided by 147532.
18
What is the remainder when 434300 is divided by 30?
20
Calculate the remainder when 299460 is divided by 59.
35
Calculate the remainder when 185745 is divided by 752.
1
What is the remainder when 4470 is divided by 614?
172
Calculate the remainder when 490828 is divided by 441.
436
What is the remainder when 51743 is divided by 131?
129
What is the remainder when 27322 is divided by 1117?
514
What is the remainder when 2303 is divided by 1474?
829
What is the remainder when 26999 is divided by 33?
5
Calculate the remainder when 29473 is divided by 1866.
1483
Calculate the remainder when 11170 is divided by 1083.
340
What is the remainder when 1622 is divided by 730?
162
Calculate the remainder when 501695 is divided by 288.
287
What is the remainder when 21855 is divided by 223?
1
What is the remainder when 29929 is divided by 35?
4
What is the remainder when 26877 is divided by 897?
864
What is the remainder when 409461 is divided by 271?
251
What is the remainder when 28294 is divided by 2357?
10
What is the remainder when 8529 is divided by 82?
1
What is the remainder when 3892 is divided by 244?
232
Calculate the remainder when 41264 is divided by 353.
316
Calculate the remainder when 52181 is divided by 279.
8
What is the remainder when 23167 is divided by 7?
4
Calculate the remainder when 744 is divided by 162.
96
What is the remainder when 101112 is divided by 80?
72
Calculate the remainder when 1035 is divided by 260.
255
Calculate the remainder when 284 is divided by 169.
115
Calculate the remainder when 3905 is divided by 445.
345
Calculate the remainder when 7572 is divided by 7519.
53
Calculate the remainder when 377765 is divided by 139.
102
Calculate the remainder when 60881 is divided by 139.
138
What is the remainder when 5921 is divided by 5235?
686
What is the remainder when 2278 is divided by 1092?
94
Calculate the remainder when 87148 is divided by 14517.
46
Calculate the remainder when 178894 is divided by 5261.
20
What is the remainder when 173046 is divided by 71?
19
Calculate the remainder when 3867 is divided by 3765.
102
Calculate the remainder when 245 is divided by 5.
0
Calculate the remainder when 26345 is divided by 908.
13
What is the remainder when 8681 is divided by 197?
13
What is the remainder when 9575 is divided by 509?
413
Calculate the remainder when 57120 is divided by 99.
96
What is the remainder when 939 is divided by 302?
33
What is the remainder when 200270 is divided by 8?
6
Calculate the remainder when 56659 is divided by 18884.
7
Calculate the remainder when 13317 is divided by 201.
51
What is the remainder when 20679 is divided by 155?
64
Calculate the remainder when 9501 is divided by 5.
1
Calculate the remainder when 98484 is divided by 985.
969
What is the remainder when 162923 is divided by 95?
93
What is the remainder when 32455 is divided by 349?
347
Calculate the remainder when 65018 is divided by 252.
2
What is the remainder when 22404 is divided by 752?
596
Calculate the remainder when 1102 is divided by 200.
102
Calculate the remainder when 155 is divided by 40.
35
Calculate the remainder when 2967 is divided by 425.
417
What is the remainder when 30931 is divided by 10308?
7
What is the remainder when 16285 is divided by 5428?
1
What is the remainder when 3044652 is divided by 285?
282
What is the remainder when 189209 is divided by 105?
104
Calculate the remainder when 8172 is divided by 843.
585
What is the remainder when 143555 is divided by 4785?
5
Calculate the remainder when 305604 is divided by 3056.
4
Calculate the remainder when 447270 is divided by 361.
352
What is the remainder when 249067 is divided by 2285?
2
What is the remainder when 5235 is divided by 117?
87
Calculate the remainder when 41353 is divided by 215.
73
Calculate the remainder when 685418 is divided by 215.
213
Calculate the remainder when 4304 is divided by 191.
102
Calculate the remainder when 621386 is divided by 210.
206
Calculate the remainder when 3196 is divided by 64.
60
Calculate the remainder when 4150 is divided by 93.
58
Calculate the remainder when 2035 is divided by 396.
55
What is the remainder when 21675 is divided by 3083?
94
What is the remainder when 276238 is divided by 69057?
10
What is the remainder when 955 is divided by 343?
269
What is the remainder when 43370 is divided by 1355?
10
Calculate the remainder when 10827 is divided by 490.
47
What is the remainder when 1010158 is divided by 305?
303
Calculate the remainder when 466769 is divided by 928.
913
Calculate the remainder when 65128 is divided by 556.
76
What is the remainder when 18756 is divided by 939?
915
What is the remainder when 454795 is divided by 80?
75
Calculate the remainder when 139868 is divided by 3.
2
Calculate the remainder when 620825 is divided by 36.
5
What is the remainder when 114781 is divided by 58?
57
Calculate the remainder when 110885 is divided by 110878.
7
Calculate the remainder when 4477 is divided by 166.
161
Calculate the remainder when 1681 is divided by 837.
7
What is the remainder when 982048 is divided by 245500?
48
What is the remainder when 4010 is divided by 3303?
707
Calculate the remainder when 49096 is divided by 37.
34
Calculate the remainder when 5153 is divided by 2480.
193
Calculate the remainder when 68073 is divided by 337.
336
What is the remainder when 11948 is divided by 53?
23
Calculate the remainder when 329 is divided by 61.
24
What is the remainder when 2615 is divided by 1854?
761
What is the remainder when 16296 is divided by 9?
6
Calculate the remainder when 1917 is divided by 382.
7
What is the remainder when 61039 is divided by 418?
11
Calculate the remainder when 2497 is divided by 44.
33
Calculate the remainder when 54016 is divided by 226.
2
Calculate the remainder when 2715 is divided by 2649.
66
What is the remainder when 14126 is divided by 33?
2
Calculate the remainder when 60205 is divided by 1468.
17
What is the remainder when 4488 is divided by 2238?
12
What is the remainder when 70517 is divided by 9?
2
Calculate the remainder when 4663 is divided by 892.
203
Calculate the remainder when 21874 is divided by 6.
4
What is the remainder when 4291 is divided by 853?
26
What is the remainder when 1993 is divided by 44?
13
Calculate the remainder when 84320 is divided by 46.
2
What is the remainder when 84044 is divided by 309?
305
What is the remainder when 3999 is divided by 797?
14
Calculate the remainder when 7883 is divided by 24.
11
What is the remainder when 42535 is divided by 165?
130
What is the remainder when 344890 is divided by 22?
18
Calculate the remainder when 8772 is divided by 145.
72
What is the remainder when 5317 is divided by 886?
1
What is the remainder whe